visor of 2102193 and 3165?
633
What is the highest common divisor of 924 and 15554?
154
Calculate the greatest common factor of 532181 and 338.
169
Calculate the highest common divisor of 296 and 176860.
148
What is the greatest common factor of 71722 and 7085?
109
What is the greatest common divisor of 1631676 and 908?
908
What is the highest common divisor of 253 and 5?
1
What is the greatest common divisor of 26398 and 1206?
134
Calculate the greatest common factor of 19277 and 33344.
521
What is the highest common factor of 156 and 66183?
39
Calculate the highest common factor of 4680 and 11973.
39
What is the greatest common divisor of 1968 and 2256?
48
Calculate the greatest common divisor of 5 and 16085.
5
What is the highest common divisor of 250 and 834125?
125
Calculate the greatest common divisor of 36 and 330570.
18
Calculate the greatest common factor of 651 and 100812.
93
Calculate the highest common factor of 103 and 26368.
103
Calculate the greatest common factor of 53426 and 6.
2
Calculate the highest common factor of 11 and 231187.
11
Calculate the greatest common divisor of 576 and 90.
18
What is the highest common factor of 6147 and 6714?
9
What is the highest common divisor of 36836 and 248?
4
Calculate the greatest common divisor of 2608 and 464.
16
What is the greatest common divisor of 118840 and 25?
5
Calculate the greatest common factor of 4620 and 16.
4
Calculate the highest common factor of 55 and 95980.
5
Calculate the greatest common divisor of 55879 and 1557.
173
Calculate the highest common divisor of 23410 and 70.
10
Calculate the greatest common divisor of 1070503 and 1029.
343
Calculate the highest common divisor of 17 and 51204.
17
What is the highest common divisor of 502 and 5739868?
502
What is the greatest common divisor of 20 and 876710?
10
What is the greatest common divisor of 1386096 and 36?
12
What is the highest common divisor of 12201307 and 607?
607
Calculate the greatest common factor of 35952 and 2016.
336
What is the greatest common factor of 8339 and 538?
269
What is the greatest common factor of 15621 and 3813?
123
What is the highest common factor of 586340 and 114?
38
What is the greatest common factor of 121209 and 363?
33
Calculate the greatest common factor of 1556 and 135761.
389
What is the highest common divisor of 452 and 639467?
113
Calculate the highest common divisor of 169299 and 234.
117
Calculate the highest common divisor of 13 and 5659017.
13
Calculate the highest common divisor of 179704 and 112.
56
Calculate the highest common factor of 575732 and 1364.
124
What is the highest common divisor of 648 and 149616?
72
Calculate the greatest common factor of 82964 and 28.
28
What is the greatest common divisor of 134 and 2295889?
67
What is the greatest common divisor of 58 and 5806003?
29
Calculate the highest common factor of 3393 and 527481.
261
Calculate the greatest common divisor of 371 and 9169.
53
Calculate the greatest common factor of 522 and 2934.
18
Calculate the highest common divisor of 156380 and 320.
20
What is the greatest common divisor of 12 and 1887756?
12
Calculate the highest common divisor of 740276 and 4.
4
What is the highest common divisor of 13024 and 106412?
148
Calculate the greatest common divisor of 377 and 498017.
377
Calculate the greatest common factor of 101015 and 11125.
445
Calculate the greatest common factor of 64116 and 351.
117
Calculate the greatest common divisor of 6820 and 3348.
124
What is the greatest common divisor of 2786 and 1554?
14
Calculate the highest common factor of 10 and 125260.
10
What is the greatest common factor of 8 and 4196?
4
Calculate the greatest common divisor of 7791 and 3021.
159
Calculate the highest common divisor of 639122 and 556.
278
What is the highest common factor of 62 and 135036?
62
What is the greatest common divisor of 1863111 and 213?
213
What is the highest common divisor of 237 and 282899?
79
Calculate the greatest common divisor of 212868 and 1168.
292
Calculate the greatest common divisor of 930 and 135222.
186
Calculate the greatest common factor of 183 and 906.
3
What is the greatest common factor of 69 and 3014288?
23
Calculate the greatest common factor of 5352 and 492.
12
Calculate the highest common factor of 6437 and 2355.
157
Calculate the greatest common divisor of 31668 and 7761.
39
What is the highest common factor of 48 and 16?
16
What is the highest common factor of 17533 and 2581?
89
What is the greatest common divisor of 3165 and 355535?
1055
Calculate the highest common divisor of 288 and 6690528.
288
What is the highest common factor of 100569 and 105?
21
What is the greatest common factor of 381625 and 284?
71
What is the highest common factor of 272020 and 536?
268
Calculate the highest common divisor of 15328 and 576.
32
Calculate the highest common divisor of 37467 and 9.
9
What is the greatest common factor of 2079 and 5306?
7
What is the greatest common divisor of 136 and 19754?
34
What is the highest common factor of 32 and 6967?
1
Calculate the highest common divisor of 178473 and 287.
41
What is the greatest common divisor of 209 and 141873?
19
Calculate the greatest common divisor of 7515 and 73575.
45
What is the highest common divisor of 1872115 and 1246?
623
Calculate the highest common divisor of 306 and 202518.
18
What is the greatest common factor of 57195 and 29605?
155
What is the greatest common divisor of 7722 and 15642?
198
What is the greatest common divisor of 1266996 and 76?
76
What is the highest common divisor of 6 and 41487?
3
Calculate the highest common divisor of 1073 and 2072.
37
Calculate the greatest common divisor of 28 and 350707.
7
What is the greatest common factor of 1310287 and 23?
23
What is the highest common divisor of 1682 and 1102?
58
What is the highest common divisor of 23664 and 174?
174
Calculate the highest common divisor of 899487 and 612.
153
Calculate the greatest common divisor of 178334 and 234.
26
Calculate the greatest common divisor of 21753 and 81.
9
Calculate the greatest common factor of 19424 and 16389.
607
Calculate the highest common divisor of 1536 and 4848.
48
Calculate the highest common divisor of 15168 and 1984.
64
What is the greatest common divisor of 376 and 8366?
94
What is the highest common divisor of 668 and 5995968?
668
What is the highest common factor of 536 and 1978309?
67
What is the highest common factor of 2 and 1089196?
2
What is the highest common factor of 284 and 1917?
71
What is the highest common factor of 341904 and 1904?
272
Calculate the greatest common divisor of 3 and 4101.
3
What is the highest common divisor of 6523 and 44011?
11
What is the greatest common divisor of 52059 and 142107?
1407
What is the greatest common factor of 35 and 820?
5
Calculate the highest common factor of 253875 and 7500.
375
Calculate the greatest common factor of 71 and 167631.
71
What is the highest common factor of 750 and 842250?
750
Calculate the greatest common factor of 32 and 1562.
2
What is the highest common divisor of 2565 and 12555?
135
What is the greatest common factor of 101241 and 63?
63
Calculate the greatest common divisor of 1981528 and 56.
8
Calculate the greatest common factor of 1768 and 1666.
34
What is the greatest common divisor of 2766 and 135995?
461
Calculate the greatest common divisor of 25250 and 7250.
250
What is the greatest common factor of 17 and 12461?
17
What is the greatest common factor of 70565 and 165?
55
What is the greatest common factor of 134080 and 320?
320
What is the greatest common factor of 1349 and 1615?
19
What is the greatest common divisor of 54 and 25218?
54
What is the greatest common divisor of 54 and 136434?
6
What is the greatest common factor of 598 and 63089?
299
What is the highest common factor of 2268 and 17772?
12
What is the highest common divisor of 3247 and 24639?
191
Calculate the highest common divisor of 1608799 and 41.
41
Calculate the highest common divisor of 23815 and 484.
11
What is the highest common factor of 190 and 770222?
38
Calculate the highest common divisor of 555036 and 276.
276
Calculate the greatest common factor of 2255 and 11685.
205
What is the greatest common divisor of 357 and 48?
3
Calculate the greatest common